f (-15 - -1) + (-2 - (-14 + 4)) - -24?
18
What is 5 - (-7 + (-2 - (-10 + -3 + 10)))?
11
What is the value of 12 + (-11 - (-3 + -17))?
21
Evaluate 40 - (-8 - (-47 - -24)).
25
16 + (-1 - 31) + 21
5
Calculate -1 + -12 + 25 + -22.
-10
1 + (-16 - (-14 - -8))
-9
What is the value of (-5 + 4 - ((-3 - 3) + 6)) + -8?
-9
What is 3 + -8 + 1 + (10 - 16)?
-10
Evaluate 19 + -23 - (4 + (-20 - -5)).
7
0 + 11 - (-16 - -54)
-27
What is -3 + 1 - (-7 - -6 - -2 - -3)?
-6
(-64 - -54) + 11 + -2 + -10
-11
What is -9 - (11 - (-2 + 39))?
17
What is (0 - -2) + 3 - 18 - -4?
-9
What is 3 - 1 - (41 + -28)?
-11
Calculate (-14 - -1) + (-1708 - -1690).
-31
Calculate 10 + (-31 - -23 - -36).
38
Calculate -8 + (6 - -2) + 13 - 4 - 2.
7
What is -30 - 1 - (-2936 - -2885)?
20
Calculate (1 + 10 + -25 + 4 - 7) + 5.
-12
Calculate -6 - (-12 - -7) - -10.
9
-9 + (8 - -4) + 6 - -7
16
Calculate (-1 - -22) + -7 - 4.
10
What is the value of -5 + (2 - 0 - (-10 - (-15 - 1)))?
-9
(-2 - -12) + (26 + -52 - -22)
6
Evaluate -4 + (39 + -62 - -32).
5
Evaluate -6 + 3 - (-1 + -8 - -14).
-8
What is 3 + (-6 + 5 + -4 - 0) + -3?
-5
Calculate 20 - (8 - ((9 - (-7 - -8)) + -7)).
13
Evaluate (-36 - 36) + 11 - -24.
-37
Calculate -1 + -61 - (1060 + -1092).
-30
Evaluate (18 - 6) + 11 + -10 + -14.
-1
What is 2 - 18 - (-14 - -21 - 8)?
-15
Calculate 1 - (28 + (15 - 28)).
-14
What is the value of -10 - (-10 + (4 - (2 - -21)))?
19
What is (-12 + 3 + -6 - 5) + 8?
-12
0 - (1 + -11) - ((43 - 65) + 14)
18
Evaluate 17 - (-11 - -23) - (-4 + (-1 - -4)).
6
Evaluate 2 - (0 + 5 - (-6 + 6 - -7)).
4
Evaluate (-3 - 27) + (657 - 595).
32
Evaluate (-10 + -13 - -1) + 5.
-17
What is -14 + (16 - (20 + -16))?
-2
What is the value of 13 + (-22 + 5 - -5 - (1 - 7))?
7
Evaluate -25 + 29 + 18 - -2.
24
23 - (-18 + -2 + 31)
12
Evaluate 12 + 0 - (14 - -10).
-12
Calculate (-37 - -46) + (3 - -4 - 3 - 50).
-37
What is 10 + (-3 - -22) + -5 + -19?
5
-1 + (-15 - (6 - 0 - 8)) - 2
-16
(-28 - -29) + -23 + -1
-23
2 + -4 + 10 + (-5 - 26)
-23
Calculate 103 + -103 + 8 + (-4 - -1 - -5).
10
Calculate (76 - 69) + (1 + 1 - (-7 + 4)).
12
What is the value of (-52 - (15 - 60)) + (1 - 8)?
-14
What is the value of -17 + (3 - 14) + 18 + 0?
-10
What is 3 + (-12 - -5) + (8 - 12)?
-8
Evaluate -4 + (-9 - (7 + -15)).
-5
Calculate 46 + (8 - (-17 - -14) - 24).
33
What is (7 - (-1 - -1)) + -88 + 99 + -1?
17
What is 24 + -19 - (5 + 1) - (-4 - -8)?
-5
What is the value of 7 + 0 + (-10 - -1 - 0)?
-2
What is the value of (2 - 5) + 1 - 3 - 3?
-8
(-103 - -128) + (-20 - 2)
3
(2 + 10 - -10) + -6 + 4 + 1
21
What is (-18 - -13 - 16) + 25?
4
Evaluate 6 + (5 - -5) + -42 + 9.
-17
Evaluate 3 + 10 - (36 - 41).
18
Calculate -1 + -4 - (-2 + 8 - -4).
-15
-20 - (-11 + 16 + -18)
-7
What is the value of 18 + -15 - 14 - (3 - (-1 + 3))?
-12
What is the value of -32 - (-13 + ((25 - 10) + -6 - 2))?
-26
Calculate -4 + -2 + 0 + -5 + 14 - -5.
8
0 - (-4 + 8) - (-151 + 133)
14
(3 - 10 - -19) + -12 - (0 + -9)
9
What is (17 - (3 - -33)) + 29?
10
Calculate -4 + (-1 - 0) + (14 - -13).
22
What is -13 + 1 - (25 + -33)?
-4
What is the value of 12 - (28 - (7 + 22))?
13
What is -12 + 10 + -9 + -23 + 25?
-9
(-8 + 9 - 3) + -7 - 2 - -8
-3
Evaluate 0 + 7 - -5 - (27 - 19).
4
What is the value of (-2 - 0) + (13 - (-9 + (34 - 3)))?
-11
524 + -526 + (1 - 6)
-7
-4 + (20 - (6 + -5 - -9))
6
Calculate -179 - -174 - (5 + 0).
-10
What is 1 + -17 + 1 + 1306 + -1305?
-14
Evaluate (-17 + 14 - (0 - (-1 + 2))) + -2.
-4
What is -20 - (-35 - (-27 + 5))?
-7
Calculate (-5 + (-3 - -3) + -1 - -2) + 3.
-1
-10 + (2 - -14) + 6
12
What is the value of -1 + (-8 - (2 - (-3 + 13))) - -4?
3
Evaluate -6 - (-9 + (32 - (1 + -6 + 9))).
-25
What is 280 + -287 - (-17 + 0 + 2)?
8
What is the value of 7 - (6 + -2) - 4 - (2 - -6)?
-9
What is -32 + 15 + 3 - (0 - -20)?
-34
Evaluate (-5 + (6 - -2) - -9) + -2.
10
Evaluate (-3 - (34 - 0)) + -2 - (49 - 58).
-30
(39 - 20) + -2 + -3
14
Evaluate (-15 - -12) + (5 - 10).
-8
-320 - -299 - (-1 + -1)
-19
Calculate (-10 - (1 + 0 - 0)) + -3910 + 3916.
-5
What is the value of (-23 + 11 - -23) + -7?
4
Calculate -3 - (2 + 1 + 6 + -1 + -1).
-10
(-68 - -42) + 36 - (24 + 0)
-14
Evaluate (-1 - -13 - 3) + -20.
-11
What is (-7 - 18) + 21 + -9?
-13
What is the value of (2 + 4 - (5 + 14 + -6)) + 28?
21
Calculate (35 - 20 - 23) + 19.
11
What is the value of (-37 - (-16 + -3)) + -3 + 2 + 7?
-12
Calculate -7 - -4 - (1 + -3 + -6 + 27).
-22
What is the value of (3 - (10 + -6) - -6) + 18?
23
Evaluate 5 + -11 + (-21 - -11).
-16
Calculate -12 + 6 + -8 - -13 - -2.
1
What is the value of 20 - (23 + -27 + 2)?
22
What is the value of 0 + 2 - (-16 - -13)?
5
Calculate -16 + (12 - (9 + (7 - 9))).
-11
Evaluate -3 - (14 - (12 + 9 + -13)).
-9
What is (-1 - -15) + 10 + -6 + -11?
7
Calculate 1 + -10 + 114 + -127.
-22
What is the value of 8 + (6 - (5 + (0 - -3)))?
6
Evaluate -2 + -1 + 3 - (-8 + (4 - 0)).
4
What is -7 - -31 - (40 - 2)?
-14
What is the value of (-3 - (10 - -3)) + 159 + -156?
-13
Evaluate 56 - 38 - (1 + 7).
10
-29 - ((-3 - (25 + -11)) + 1)
-13
28 + -20 + -23 - (-1 + 8)
-22
Calculate 5 + (-1 - (2 - 8)) + 185 + -190.
5
What is the value of (1 - (-5 + 1)) + (-15 - -21)?
11
What is 19 - (9 + (0 - 2 - (-18 + 21)))?
15
What is 8 - 1 - (3 - 7 - 8 - -8)?
11
What is -2 + (-21 - (5 + 0 + -14))?
-14
What is -18 + 17 - (12 + -1 - -5)?
-17
Calculate 31 + -19 - (9 + -4 - 3) - -19.
29
What is 21 - 1 - (-1119 + 1123)?
16
Calculate 0 + (-3 + 21 - 33).
-15
(13 - (-1 + 3 + 9)) + 9
11
Calculate (25 - 3) + -5 - (0 + 6 - 1).
12
14 - (-18 - (-4 - 13))
15
(0 - -4 - 2) + (-2 - -1 - 5)
-4
-3 + (3 - 3 - 14) + 7 + 2
-8
Evaluate -17 - (-11 - 8) - -11.
13
What is the value of -11 + -10 + 5 - (16 + -7)?
-25
9 + (-22 - -23) + (1 - 7)
4
Calculate -25 + -39 + 7 + 43.
-14
(-11 - -13 - (2 - 9) - 17) + 2
-6
Calculate (11 - (8 + 1)) + 0 + 4.
6
What is (28 + -1 - 20) + 9?
16
Calculate 31 - (1 - (0 - 2) - (1194 + -1200)).
22
What is the value of 0 + 15 + (5 - (7 - 20 - -21))?
12
10 + -2 - (14 + -17 - -14)
-3
22 - 26 - ((4 - -3) + 2)
-13
What is 26 - (4 - (1 + -25))?
-2
(-7 - ((-9 - -3) + 11)) + -5 + -10
-27
What is 1174 + -1155 - (28 + 2)?
-11
(-5 - (-10 + 8) - 1) + (-10 - -24)
10
What is the value of (1 - 1) + (4 - (2 - 5))?
7
Evaluate (-27 - -17 - -20) + -30.
-20
-13 + 19 + 1 - (2 + 2 + 0)
3
What is the value of -8 + (3 - 10) - 1 - -7 - -15?
6
What is the value of -16 + 28 + (3 - 14)?
1
Evaluate (0 - (6 - -1)) + (-24 - (-20 + 4)).
-15
What is the value of -4 + (-8 - -34) + -10?
12
2 + 0 - 28 - (65 - (10 + 54))
-27
Calculate 25 - 1 - (85 + -47).
-14
Calculate -1 + (5 - 14) - (402 + -400).
-12
(1 - -1) + (-1 - (-1 - -7)) + -18
-23
-3 - -8 - -2 - 5 - (-16 + 8)
10
(0 - (0 - (6 + -4))) + -3
-1
(1 - -7) + (-3 - -8) + -9 + -1
3
What is 8 - -9 - (-1 - 5 - -1)?
22
Calculate 3 - 4 - ((15 - 29) + 6).
7
What is (-4 + 1 - (9 + -7 + -5)) + 0?
0
What is the value of (-28 - -52) + -3 + -5?
16
Evaluate -2 - ((22 - 46) + 13 + (7 - 1)).
3
-24 + (3 - (-22 - -21))
-20
What is the value of -10 + (-6 - 1) + 3?
-14
What is the value of -8 + 0 + (-212 - -229)?
9
Calculate -205 - -35 - -157 - (7 - (1 - 2)).
-21
What is (-1 + 4 - 10) + 22 - (0 + 6)?
9
What is the value of -21 + 25 + 23 + -4?
23
Evaluate -9 + 4 + -30 + -2 + (88 - 77).
-26
Calculate -164 + 170 - (-3 - 0).
9
Evaluate -813 + 840 + -44 + 0.
-17
Evaluate 27 + 1 + -233 + 219.
14
0 + (9 - 18) + 3 - -16
10
What is -11 + 6 + 7 + -11?
-9
What is (-1 + -11 - -24) + -6 + -2?
4
-9 + -30 - -34 - (1 + -14 + -1)
9
What is 8 + (-16 - (10 + -11 + -7) - -2)?
2
What is -37 + 0 - (-21 + (7 - (-11 + 3)))?
-31
-2 + 0 + 4 + -19 + 16 - 6
-7
Calculate -37 + 39 + (18 - 36).
-16
What is 2 + 3 + (12 - (-5 - -11))?
11
42 + -17 + -17 + 2
10
12 + (12 - (19 + (7 - 4)))
2
What is 0 + 4 + -23 + 17 + (15 - -1)?
14
Evaluate 2 - -25 - (30 - (17 - 3)).
11
Evaluate (12 - (18 - 11)) + -7 + 2.
0
What is (2 - (-3 - 3)) + (-4 - (-1 + 4))?
1
Calculate 7 + 3 + -2 + -47 + 28 + 5.
-6
-4 + (-3 - -2) + (5 - (-7 - -17))
-10
Calculate 68 - 68 - (1 - 13) - 3.
9
What is 2 - (-24 + 24) - (1 + 12 + -2)?
-9
Calculate 1 + -12 - (-889 - -901).
-23
(-16 - 1) + (13 - (38 - 35))
-7
What is 64 + 31 + (2 - 62)?
35
(2 - (9 + 0)) + (-357 - -351)
-13
Calculate (-8 - -4) + (-2 - (-3 - 4 - 1)).
2
What is the value of 380 + -373 + (2 - (2 + 0) - 5)?
2
-3 + (15 - 0) + 4 + (-2 - 8)
6
10 - (-39 - -23 -